he tens digit of y?
7
What is the tens digit of 13/78 - (14109/(-18) - -1)?
8
Suppose 4*a + 106 = -3*j, j - 88 = 3*a - j. Suppose -5*g + 2*g + 147 = 0. Let s = a + g. What is the units digit of s?
1
Suppose 2*s + 4*g - 16 = -3*s, -5*s = 3*g - 12. Suppose s = v - 3*v - 2. What is the tens digit of -1 + v - (2 - 19)?
1
What is the units digit of 4542/(-2)*(-70)/105?
4
What is the units digit of 7096/(-12)*(-18)/4?
1
Suppose 3 - 84 = l. What is the tens digit of (-3110)/(-18) + -3*6/l?
7
Suppose -2*s - 205 = -1711. What is the hundreds digit of s?
7
Suppose 0*r = 2*r - 3*s + 3, 7 = 2*r - s. What is the units digit of r?
6
Let m(s) = 2*s**2 + 43*s + 670. What is the tens digit of m(-23)?
3
Suppose w = -2*w + 33. Suppose 39*q - 35*q - 28 = 0. Let b = w - q. What is the units digit of b?
4
Let m(s) = -14*s - 26. Suppose 16 + 0 = -2*f. Let x(d) = 5*d + 9. Let l(u) = f*x(u) - 3*m(u). What is the units digit of l(6)?
8
Let y(t) = t**3 - 7*t**2 + 7*t + 28. What is the units digit of y(10)?
8
Suppose c - 10*c = -12564. What is the tens digit of c?
9
Let f(h) = -h**2 + 10*h. Let r(k) = -4*k. Let l(d) = -2*f(d) - 5*r(d). Suppose -14 = -2*j - 3*v, -10 = -5*j - 5*v + 20. What is the units digit of l(j)?
2
Suppose -4*u + 4*y = -u + 61, -5*u + 5*y = 105. Let k = -19 - u. What is the units digit of 42 - (k + 0 + -1)?
9
What is the hundreds digit of 222 - (0 + (0 - 4/(-4)))?
2
Let u = 132 + -235. Let l = u - -151. What is the tens digit of l?
4
Suppose 33*k = 30*k. Suppose k = -3*r - 2*n + 154, -4*r + 3*n - n + 182 = 0. What is the tens digit of r?
4
Let x(p) be the third derivative of -p**6/120 - p**5/6 - p**4/6 - 5*p**3/2 + 15*p**2. Let k(o) = 10*o. Let q be k(-1). What is the units digit of x(q)?
5
Let k = 38 - 38. Suppose -440 = -4*s - 5*n + n, k = 2*s - 4*n - 238. What is the units digit of s?
3
Suppose 0 = 5*t - 1 - 24. Suppose -5*o + 32 + 63 = -5*k, 0 = t*o + k - 65. What is the tens digit of o?
1
Suppose 5*b - 1733 = -403. What is the units digit of b?
6
Let v(r) = -3*r**2 - r. Let x be (-4)/(-10) + (-24)/10. Let d be v(x). What is the units digit of 16/d*2*-5?
6
Suppose 0 = 6*c - 7*c. Let a = c - -4. Suppose -4 = -4*k + a. What is the units digit of k?
2
Suppose -h - h = 2*t - 2, -3*t - h + 3 = 0. Suppose -3*q - 2 + 5 = -3*b, 2*q - 5*b + 4 = 0. What is the tens digit of ((-13)/(-3))/(t/q)?
1
Let j = -5 - 20. What is the units digit of 1/((j/(-485))/5)?
7
Let j(n) = 2*n**2 - 4*n - 1. Suppose 3 = -3*h + 15. Suppose -h*g + 7*g - 12 = 0. What is the tens digit of j(g)?
1
Suppose 4*o + 138 = -j, -3*o = j + 75 + 29. Let g = -183 - -118. Let m = o - g. What is the tens digit of m?
3
Let l = -472 - -1008. What is the units digit of l?
6
Let n = 66 + -24. Let g = n + -4. Suppose -g = -2*v + 34. What is the tens digit of v?
3
Suppose 10 + 88 = -5*z + 2*c, -2*z - 41 = c. Let o(j) = -j - 22. Let a be o(z). What is the tens digit of (-1 - a)/((-2)/(-58))?
2
Let y = -54 + 64. What is the units digit of 13/(6/(-45)*y/(-8))?
8
Let s be 2*((-12)/(-3))/(-4). Let t be 10*160/(3 - s). What is the tens digit of t/24 + (-1)/3?
1
Let p = 1863 + -1237. What is the units digit of p?
6
Let o(r) = -r**2 + 12*r - 11. Let c be o(9). Suppose -l - 4*j = 3*l - 12, -4*l = 3*j - c. Let p = 16 - l. What is the units digit of p?
9
Let h(d) = -4*d - 6. Suppose -2*f - 5 = -7*f. Let j = -6 + f. What is the units digit of h(j)?
4
Let n = -2052 + 3740. What is the hundreds digit of n?
6
Suppose 0 = x + 4*b - 433, 2*b - 440 = -x + 5*b. What is the hundreds digit of x?
4
Let k(i) be the third derivative of -i**6/120 - 2*i**5/15 - i**4/12 + 8*i**3/3 + 47*i**2. Let y be 1/2*-2 - 7. What is the tens digit of k(y)?
3
Suppose -10422 = -29*c + 2*c. What is the units digit of c?
6
Let r = 11 + -13. Let c be (-2)/(-2) - r*1. Suppose t + c*t = 52. What is the units digit of t?
3
Suppose -2*n + 25 = -61. Suppose 0*q + 2*l = -3*q + 196, -268 = -4*q + 4*l. Let t = q - n. What is the units digit of t?
3
Suppose -5*h = -2 - 118. Suppose 36 = -3*y + 3*u, -4*y - 2*u + 0 = h. Let s(v) = -v**2 - 15*v - 20. What is the units digit of s(y)?
6
Let r(p) = 3*p**3 + 6*p**2 - 5*p - 7. Let d(c) = -4*c**3 - 7*c**2 + 6*c + 8. Let k(t) = 5*d(t) + 6*r(t). What is the tens digit of k(-3)?
6
Suppose -5*h + c = -19, -h - 23 = -2*h + 5*c. Suppose -5*d - 224 = -3*f, -h*d = -4*f + f + 228. What is the tens digit of f?
7
Suppose -3*f = 9 + 18. Let i = 61 - f. What is the tens digit of i?
7
Let v be 63/4 + (-2)/(-8). Let n be v/14 - 4/28. What is the units digit of -2 + (7/n)/1?
5
Let v = 91 + -75. Let n be 56 - 4/(-2) - 2. What is the units digit of v/n + 187/7?
7
Suppose 0*a - 5*a = -25. Let j(d) = -13*d - 2. Let r(b) = 12*b. Let z(p) = 5*j(p) + 6*r(p). What is the tens digit of z(a)?
2
Let r(s) = -546*s - 77. What is the tens digit of r(-6)?
9
Let q = 64 - -86. Let z = 256 - q. What is the hundreds digit of z?
1
Let o = -920 + 1837. What is the units digit of o?
7
Suppose 0 = 22*b + 165 - 913. What is the units digit of b?
4
Let a(r) = -3*r**2 + 13*r + 2. Let m be a(-11). What is the tens digit of m/(-11) + (-4)/(-22)?
4
Let x = 34 + -33. What is the units digit of 1 + (4 + 23)/x?
8
What is the hundreds digit of (12/(-16))/(3/(-3156)) - -1?
7
Suppose -w = -6*w - 250. What is the units digit of (78/5)/((-15)/w)?
2
Suppose 0 = -5*a + 2*a - q - 11, 2*a - q + 4 = 0. Let j be a + (2/(-1) - 2). Let p(l) = -l + 7. What is the tens digit of p(j)?
1
Let d = -25 + 77. Suppose 4*n - d = -2*c, -3*n + 3*c = -6*n + 36. Suppose 0 = 3*m - 4*a + 2*a - n, -a + 14 = 2*m. What is the units digit of m?
6
Let n be (-2 - (-18)/8)/(4/16). Suppose 4*p - x = -6*x + 1, 0 = 3*p + 5*x + 3. What is the tens digit of n/p + 711/36?
2
Suppose -q = -4*a - 11 - 26, -4*a = 3*q - 79. Let n = q + -3. What is the units digit of n?
6
Let f(s) = -s**3 + s**2 - s. Let j(c) = 177*c**3 - 4*c**2 + 6*c - 2. Let m(h) = 4*f(h) + j(h). What is the tens digit of m(1)?
7
Suppose 14*r - 12*r = 5*q + 954, 4*r = -2*q + 1932. What is the hundreds digit of r?
4
Suppose -2158 = 2*h - 9788. What is the thousands digit of h?
3
Let a be -3 + 3*(-200)/(-6). Suppose 3*u = -z + 2 + 11, u - 3 = -z. Suppose -3*s + a = u*x, 2*s - 4*s + 4*x + 72 = 0. What is the tens digit of s?
3
Suppose 0 = 5*m + 39 - 319. Suppose m = 2*o - 0*o. What is the tens digit of o?
2
Let n = -5 + 47. Suppose -9*t + n = -6*t. What is the units digit of t + ((-24)/3)/(-4)?
6
Suppose 11*q + 651 = 14*q. Suppose -4*m = 5*g - 280, 3*m + g = -g + q. What is the units digit of m?
5
Suppose -5*i + 8 = -7. Let w = 9 - i. Suppose -86 = -5*l - 2*k, w*k = -4*l + 4*k + 68. What is the tens digit of l?
1
Let c(j) = 11*j**2 - 3*j - 2. Let l be c(-2). Let u = 18 - l. Let n = u - -51. What is the units digit of n?
1
Let i(y) = -41*y**3 + 8*y**2 + 18*y + 20. What is the hundreds digit of i(-4)?
7
Suppose -v = -0*w - w - 4, -4*v + w = -16. Let l(f) = f + 16. Let a be l(-14). Suppose 2*k = -a + v. What is the units digit of k?
1
Let n be (-35)/(-10) + (-2)/(-8)*2. Suppose -5*l = j - 77, -6*l + l + n*j = -92. What is the units digit of l?
6
Let s(b) = 69*b - 49. What is the hundreds digit of s(3)?
1
Let q(y) = 2*y - 8. Let d = -2 - -8. Let t be q(d). Let v = 15 - t. What is the tens digit of v?
1
Let n(c) = -c**3 + 12*c**2 - 11*c + 7. Let l be n(11). Suppose 3*v + l = i - v, 3*i = 2*v + 71. What is the units digit of i?
7
Let g(a) = -1 + 6 - 4 + 6 - a. Let s be g(4). Suppose s*l - 5*l + 76 = 0. What is the units digit of l?
8
Suppose -18*m + 3*m - 15 = 0. Suppose 0 = -3*i - i - 4. What is the units digit of i/(2/42*m)?
1
Suppose 6*b - 7*b = 0. Suppose b*p + 3*p + 239 = 4*o, 2*p = 6. What is the units digit of o?
2
Let u(w) = w + 0 + 0*w**2 - w**2 - 1 + 5. Let l be u(4). Let d(x) = x**2 + 7*x. What is the units digit of d(l)?
8
Suppose -9*h + 22 = -50. Suppose 3*z = h + 4. What is the units digit of z?
4
Suppose -27*d + 24*d = -15. Suppose -22 - 89 = -n + 5*q, -d*q + 293 = 3*n. What is the hundreds digit of n?
1
Suppose -3*x = 4*v - 901, -x = -0*v + 2*v - 451. What is the tens digit of v?
2
Suppose -766 = 3*o - 2758. Suppose 2*n - j = -2*n + o, 354 = 2*n + 5*j. What is the hundreds digit of n?
1
Let t(w) = 26*w - 78. Let k = 148 + -140. What is the hundreds digit of t(k)?
1
Suppose -10 = -4*m - j + 1, 2*m = -j + 5. Let n(b) = -5*b**3 +